r and 33.
33
Let z(o) = o**3 + 6*o**2 - 7*o - 14. Let t(c) = c**2 + 8*c - 15. Let a be t(-9). Let p be z(a). Let x = p - 13. Calculate the highest common factor of x and 3.
3
Let x(s) = -48*s**3 - 12*s**2 - 40*s + 11. Let p be x(-7). Calculate the highest common divisor of 51 and p.
51
Suppose 1396 = -4*m + 2*d, 5*m + d + 1232 + 513 = 0. Let f be (10/(-2) - m) + 6. What is the greatest common factor of f and 50?
50
Let l be (-1)/(7/35) - (-20 - (-3 - -6)). Calculate the highest common divisor of 321 and l.
3
Suppose -2293 = 20*b - 2853. What is the highest common divisor of b and 37324?
28
Suppose -552 = -5*k + 2*f, 7*f = -k + 3*f + 128. Suppose -3*i - k = i. Let y = 41 + i. What is the highest common factor of 143 and y?
13
Let s = -6592 - -6607. What is the highest common factor of 1605 and s?
15
Suppose 5*x + 11 = -4*q - 20, -4*q - x - 19 = 0. Let j be (-16)/(-1 + -1) - q. Suppose 0 = -y + 4*y - 36. What is the highest common divisor of j and y?
12
Let u(w) = 301*w**2 - w - 3. Suppose -3*h = -5*b + 13, -5*b - 10 = 2*h - 9*b. Let x be u(h). Calculate the highest common factor of 13 and x.
13
Suppose -5*l = 10, 4*h + 4*l = 341 + 187. Suppose -h = -t + 11. What is the highest common divisor of t and 232?
29
Let g(t) = -3*t - 12. Let m be g(-6). Let z be 8/48 + 2*(-2)/24. Suppose -2*a - j + 323 = z, -m*j = -2*j - 12. What is the highest common factor of a and 64?
32
Suppose -6*j = 3 + 15. Let l(m) = -39*m + 7. Let t be l(j). Suppose 12*b = t - 28. What is the highest common divisor of b and 88?
8
Let a(j) be the second derivative of j**3/6 + 55*j**2/2 - 3*j - 7. Let u be a(16). What is the greatest common divisor of u and 213?
71
Let w be 6/(-1) - -2 - 176/(-22). Let p(i) = -2*i**3 + 7*i**2 + 13*i - 22. Let c be p(w). What is the highest common factor of 98 and c?
14
Let k = -682 - -3707. Suppose 12*s = 1343 + k. Calculate the highest common factor of s and 28.
28
Suppose 18 = -3*b, -4*l + 412*b - 414*b = -348. What is the greatest common divisor of l and 190?
10
Suppose -2*r - 598 = -3*j, 16*j - 200 = 15*j + r. Calculate the highest common factor of 26829 and j.
99
Suppose -4*p = -4*r - 9316, -168*p - 2*r + 11666 = -163*p. Calculate the greatest common divisor of 88 and p.
44
Let w be (891/(-22) - -13)*-1290. Calculate the highest common factor of w and 129.
129
Suppose -1622*c - 132 = -1633*c. Let z(g) = 13*g**2 - 13*g - 9. Let l be z(3). What is the highest common divisor of l and c?
3
Suppose u + 535 = 3*v, -565 = -3*v - 4*u - 50. What is the highest common factor of v and 15?
3
Let j(x) = x**3 - 9*x**2 - x + 11. Let p be j(9). Let h = -133 - -187. What is the highest common factor of p and h?
2
Let c = 47852 - 47730. Calculate the highest common factor of 13298 and c.
122
Let s(f) = -70 - 16*f - 2*f - 32*f - 59 - 65. Let j be s(-7). Calculate the greatest common divisor of 39 and j.
39
Suppose -2*m = 4*g - 1956, -g + 1701 + 3108 = 5*m. Calculate the greatest common divisor of m and 704.
64
Let g be (-253)/(-4) + 3/(-12). Let m be 607/3 + 42/(-18). Suppose -218 = -2*w - m. Calculate the highest common divisor of g and w.
9
Suppose -3*x = -m - 35, -19*x + 10 = -18*x - 2*m. Let f be x + (6 - (18 + -6)). What is the highest common factor of f and 2?
2
Suppose 48780 = 1389*u - 576*u. Let m be (64/6)/(4/18). What is the highest common divisor of u and m?
12
Let j(i) = 7*i - 143. Let o be j(20). Let g be (4/(-6))/(1/36). Let w be (o/(27/g))/((-2)/(-12)). Calculate the greatest common factor of w and 40.
8
Let m(i) = 2*i**3 + 6*i**2 - 9*i - 2. Let b be m(3). Suppose 5*v - b = -x - 0*v, -2*x = 3*v - 165. Calculate the greatest common divisor of x and 14.
14
Let w = 115 + -89. Let x(r) = 19 + w*r**2 + 24 - 3*r**3 - 13 + 2*r**3. Let s be x(26). Calculate the highest common factor of s and 10.
10
Suppose 0 = -96*z + 103*z - 132678. Let h be z/429 + 2/(-11) + 2. What is the greatest common factor of 138 and h?
46
Suppose -4*x = 5*u - 12412, 5*u = 58*x - 56*x + 12394. What is the highest common factor of u and 160?
80
Let k be ((-7)/(-4))/(10/7040). Suppose -k*i + 1223*i = -2565. Calculate the highest common divisor of i and 228.
57
Suppose -4 = 4*b, b = -q - 2*b + 100. Let z = q + -87. Suppose 0*t = t - z. Calculate the greatest common factor of t and 8.
8
Suppose -483*f + 493*f = 740. Calculate the greatest common factor of 1998 and f.
74
Let n be 111 + (-4 - (-4 + -5)). Let w(k) = k**3 - 18*k**2 + 7*k + 19. Let x be w(18). Calculate the greatest common divisor of n and x.
29
Let i(g) = 165*g + 3. Let w be i(1). Let j be 450/57 - 2/(-19). Let m be (4/j)/(((-10)/96)/(-5)). Calculate the greatest common factor of m and w.
24
Let k = -38 - -45. Let o(x) = -3*x**2 + 1 + 9*x + 3*x**2 + 2 - x**2. Let w be o(6). What is the highest common divisor of w and k?
7
Suppose 12*o + 418 - 4522 = 0. Calculate the highest common factor of o and 285.
57
Let v(s) = -s**2 - 5*s**2 + 9*s**2 + 2*s**2 + 35 - 15*s. Let p be v(5). Calculate the greatest common factor of p and 5.
5
Let u be (3 - -8)*(15 - (-12)/3). Suppose -3*o + 43 = -u. Calculate the highest common divisor of 60 and o.
12
Let m be (18/(-4))/((-6)/(-108)). Let a be ((-57)/(-4))/(m/(-3456)). Calculate the greatest common divisor of 19 and a.
19
Let g be (-162)/(-30) - (-3 + 36/15). Suppose -g*x - 300 = -21*x. Calculate the greatest common factor of x and 140.
20
Suppose 520*o = -1092*o + 3224. Suppose -a - 6 = -3*n - 2*a, 0 = 3*n + 5*a - 18. What is the highest common factor of n and o?
1
Let y = 431068 - 431061. Suppose 2*a + f = 53, 3*a - 4*f + f = 93. What is the highest common factor of y and a?
7
Suppose 0 = -d + 3*a - 46, -4*a = 2*d - 6*a + 108. Let j = 71 + d. What is the highest common divisor of 117 and j?
13
Let n = -71 - -35. Let t = n - -39. Let f be (-35 - -1 - -1)/(85 - 86). Calculate the highest common divisor of f and t.
3
Let f be ((-405)/(-6))/(-9)*26/(-39). What is the greatest common factor of 1435 and f?
5
Let a(u) = -3*u**3 - 14*u**2 - 29*u - 76. Let t be a(-7). What is the highest common factor of t and 2726?
94
Let r be 6*89/10 - 18/(-30). Let z be r/90 - (-2 - 234/10). What is the greatest common divisor of 2 and z?
2
Suppose 3*l - 2*b = l + 328, 0 = -5*l - 3*b + 836. Let r = -145 + l. What is the highest common divisor of 56 and r?
7
Suppose 515*f - 506*f - 2079 = 0. Calculate the greatest common factor of 777 and f.
21
Suppose 2*g - 82 = -t, 5*t + 67*g = 72*g + 395. Let o(r) = 6*r**2 - 8*r + 8. Let p be o(6). What is the greatest common divisor of p and t?
16
Let h be 55/22*(-48)/(-20). Let s(y) be the first derivative of y**2 - 5*y + 3. Let p be s(10). Calculate the greatest common divisor of p and h.
3
Suppose 0 = -4*q + 3*w - 20, -2*q + 5*w - 103 = -65. Calculate the highest common divisor of 3191 and q.
1
Let n(z) = -3*z + 5. Let w be ((-644)/21)/(3/9). Let l = -95 - w. Let j be n(l). Calculate the highest common divisor of 154 and j.
14
Let t(d) = -d**3 - 23*d**2 + 4. Let y be t(-23). Suppose -y*v = -8*v + 1900. What is the greatest common divisor of v and 25?
25
Let u = -1726 + 1861. Calculate the highest common factor of u and 63.
9
Suppose -95*p = -91*p - 64. Suppose 0 = 5*i - 38 + 8. Suppose i*s - s + 650 = 5*y, -s - 642 = -5*y. Calculate the greatest common divisor of y and p.
16
Let z be ((-40)/10)/(-2 + 1). What is the greatest common divisor of 338 and z?
2
Suppose p - 17 = -1709*y + 1704*y, -2*p + 5*y + 4 = 0. Suppose x = 3*a + 11, -2*a - 2 = 4. Calculate the greatest common factor of p and x.
1
Let b = -18891 + 19151. What is the greatest common divisor of b and 494?
26
Let o(w) = -3*w**2 - 41*w - 6. Let t be o(-13). Calculate the greatest common divisor of t and 575.
5
Let w(n) = -n + 5*n**2 - 2*n**2 - 2*n**2 + n**2 + 22*n**3 - 2. Let b be w(2). Suppose b - 4 = t. What is the highest common factor of t and 22?
22
Let f be (3/(-6))/(47/(-592952)). What is the greatest common divisor of f and 76?
76
Suppose -o = -x + 4*x, -4*x - 3*o = 0. Suppose x = s - 2*n - 11, -5*s + 4*n = -0*s - 43. Let a = s - -9. Calculate the greatest common divisor of a and 32.
16
Suppose -3*h - 44 = -4*h. Let g = 38 - h. Let q be (g/12)/(1/(-24)). What is the greatest common divisor of q and 12?
12
Let r(b) = 8*b**2 - 111*b + 31. Let k be r(14). What is the highest common factor of 243 and